{"id":146,"date":"2010-05-19T18:48:27","date_gmt":"2010-05-19T14:48:27","guid":{"rendered":"http:\/\/www.dbv-bremen.de\/?page_id=146"},"modified":"2025-02-07T14:03:55","modified_gmt":"2025-02-07T13:03:55","slug":"bibliothek-der-handelskammer-bremen","status":"publish","type":"page","link":"http:\/\/www.dbv-bremen.de\/?page_id=146","title":{"rendered":"Bibliothek der Handelskammer Bremen"},"content":{"rendered":"<p><strong>Adresse<\/strong> <img loading=\"lazy\" decoding=\"async\" class=\"alignright size-medium wp-image-147\" title=\"Bibliothek der Handelskammer Bremen\" src=\"http:\/\/www.dbv-bremen.de\/wp-content\/uploads\/2010\/05\/08_handleskammer-300x198.jpg\" alt=\"\" width=\"300\" height=\"198\" srcset=\"http:\/\/www.dbv-bremen.de\/wp-content\/uploads\/2010\/05\/08_handleskammer-300x198.jpg 300w, http:\/\/www.dbv-bremen.de\/wp-content\/uploads\/2010\/05\/08_handleskammer.jpg 480w\" sizes=\"auto, (max-width: 300px) 100vw, 300px\" \/><br \/>\nHandelskammer Bremen<br \/>\nBibliothek<br \/>\nAm Markt 13<br \/>\n28195 Bremen<br \/>\nTel. 0421 3637-222<br \/>\nMail: bischoff@handelskammer-bremen.de<\/p>\n<p><strong>Bibliothekarische Leitung<\/strong><br \/>\nHolger Bischoff<\/p>\n<p><strong>Kurzbeschreibung<\/strong><br \/>\nAufgaben: Informationsversorgung der Mitarbeiter und der Mitgliedsfirmen der Kammer, \u00f6ffentlich zug\u00e4nglich.<\/p>\n<p>Bestand: 55.000 B\u00e4nde, 300 laufende Zeitungen und Zeitschriften zu den Themen Handel, Au\u00dfenhandel, Industrie, Recht, Politik, Bildung, Berufsbildung, Finanzen, Steuern, Verkehr, Seefahrt und H\u00e4fen, Gesellschaft, Arbeit und Soziales, Medien, Stadt- und Regionalplanung, Europafragen, Geschichte. Auch Altbest\u00e4nde zur\u00fcck bis in das 16. Jahrhundert.<\/p>\n<p>Dienstleistungen: Div. Datenbanken, aktuelle L\u00e4nderinformationen, Warenzeichen-Beratung, Jahresberichte und Festschriften bremischer Firmen und Institutionen, Messekataloge, brem. Tageszeitungen seit 1829, Bremensien.<\/p>\n<p>Termine nach Vereinbarung.<\/p>\n<p><strong>Weitere Informationen unter:<\/strong><br \/>\n<a href=\"https:\/\/www.ihk.de\/bremen-bremerhaven\/ueber-uns\/medienzentrum\/bibliothek-handelskammer-bremen-1299794\" target=\"_blank\" rel=\"noopener\">https:\/\/www.ihk.de\/bremen-bremerhaven\/ueber-uns\/medienzentrum\/bibliothek-handelskammer-bremen-1299794<\/a><\/p>\n","protected":false},"excerpt":{"rendered":"<p>Adresse Handelskammer Bremen Bibliothek Am Markt 13 28195 Bremen Tel. 0421 3637-222 Mail: bischoff@handelskammer-bremen.de Bibliothekarische Leitung Holger Bischoff Kurzbeschreibung Aufgaben: Informationsversorgung der Mitarbeiter und der Mitgliedsfirmen der Kammer, \u00f6ffentlich zug\u00e4nglich. Bestand: 55.000 B\u00e4nde, 300 laufende Zeitungen und Zeitschriften zu den Themen Handel, Au\u00dfenhandel, Industrie, Recht, Politik, Bildung, Berufsbildung, Finanzen, Steuern, Verkehr, Seefahrt und H\u00e4fen, Gesellschaft, [&hellip;]<\/p>\n","protected":false},"author":1,"featured_media":0,"parent":5,"menu_order":0,"comment_status":"closed","ping_status":"open","template":"","meta":{"footnotes":""},"class_list":["post-146","page","type-page","status-publish","hentry"],"_links":{"self":[{"href":"http:\/\/www.dbv-bremen.de\/index.php?rest_route=\/wp\/v2\/pages\/146","targetHints":{"allow":["GET"]}}],"collection":[{"href":"http:\/\/www.dbv-bremen.de\/index.php?rest_route=\/wp\/v2\/pages"}],"about":[{"href":"http:\/\/www.dbv-bremen.de\/index.php?rest_route=\/wp\/v2\/types\/page"}],"author":[{"embeddable":true,"href":"http:\/\/www.dbv-bremen.de\/index.php?rest_route=\/wp\/v2\/users\/1"}],"replies":[{"embeddable":true,"href":"http:\/\/www.dbv-bremen.de\/index.php?rest_route=%2Fwp%2Fv2%2Fcomments&post=146"}],"version-history":[{"count":4,"href":"http:\/\/www.dbv-bremen.de\/index.php?rest_route=\/wp\/v2\/pages\/146\/revisions"}],"predecessor-version":[{"id":983,"href":"http:\/\/www.dbv-bremen.de\/index.php?rest_route=\/wp\/v2\/pages\/146\/revisions\/983"}],"up":[{"embeddable":true,"href":"http:\/\/www.dbv-bremen.de\/index.php?rest_route=\/wp\/v2\/pages\/5"}],"wp:attachment":[{"href":"http:\/\/www.dbv-bremen.de\/index.php?rest_route=%2Fwp%2Fv2%2Fmedia&parent=146"}],"curies":[{"name":"wp","href":"https:\/\/api.w.org\/{rel}","templated":true}]}}