{"id":150,"date":"2010-05-19T18:50:43","date_gmt":"2010-05-19T14:50:43","guid":{"rendered":"http:\/\/www.dbv-bremen.de\/?page_id=150"},"modified":"2025-02-07T14:35:42","modified_gmt":"2025-02-07T13:35:42","slug":"150-2","status":"publish","type":"page","link":"http:\/\/www.dbv-bremen.de\/?page_id=150","title":{"rendered":"Staatsarchiv Bremen"},"content":{"rendered":"<p><strong>Adresse<\/strong> <img loading=\"lazy\" decoding=\"async\" class=\"alignright size-medium wp-image-149\" title=\"Staatsarchiv Bremen\" src=\"http:\/\/www.dbv-bremen.de\/wp-content\/uploads\/2010\/05\/09_StA-Bremen-300x195.jpg\" alt=\"\" width=\"300\" height=\"195\" srcset=\"http:\/\/www.dbv-bremen.de\/wp-content\/uploads\/2010\/05\/09_StA-Bremen-300x195.jpg 300w, http:\/\/www.dbv-bremen.de\/wp-content\/uploads\/2010\/05\/09_StA-Bremen-1023x667.jpg 1023w\" sizes=\"auto, (max-width: 300px) 100vw, 300px\" \/><br \/>\nStaatsarchiv Bremen<br \/>\nAm Staatsarchiv 1<br \/>\n28203 Bremen<br \/>\nTel: 0421 361-6228<br \/>\nMail <a title=\"E-Mail Programm \u00f6ffnet sich\" href=\"mailto:office@staatsarchiv.bremen.de\">office@staatsarchiv.bremen.de<\/a><\/p>\n<p><strong>\u00a0<\/strong><\/p>\n<p><strong>Kurzbeschreibung<\/strong><br \/>\nDer Bestand unserer \u00f6ffentlich zug\u00e4nglichen Pr\u00e4senzbibliothek umfasst vor allem Ver\u00f6ffentlichungen zur bremischen und nordwestdeutschen Geschichte und Landeskunde, daneben u.a. auch Nachschlagewerke, allgemeine historische Literatur, Ortslexika, familienkundliche Werke und Fachzeitschriften.<br \/>\nWichtige Teilbest\u00e4nde sind die bremischen Tageszeitungen (ab 1796), eine umfangreiche Sammlung von Amtsdrucksachen sowie zahlreiche Ver\u00f6ffentlichungen, die nicht im Buchhandel erscheinen (wie z.B. Firmen- und Vereins-Publikationen, kirchliche Gemeindebl\u00e4tter, nicht ver\u00f6ffentlichte Manuskripte).<br \/>\nSeit 2005 befindet sich die Bibliothek der Norddeutschen Mission im Staatsarchiv; sie umfasst rund 2300 B\u00e4nde und enth\u00e4lt z.T. seltene Ver\u00f6ffentlichungen zur Geschichte Afrikas und zur Missionsarbeit (\u00fcberwiegend in Ghana und Togo).<br \/>\nIm Lesesaal des Staatsarchivs steht eine umfangreiche Handbibliothek (ca. 4000 B\u00e4nde) zur direkten Nutzung zur Verf\u00fcgung, u.a. mit Standardliteratur zur bremischen Geschichte.<\/p>\n<p><strong>Weitere Informationen unter:<br \/>\n<\/strong><a href=\"https:\/\/www.staatsarchiv.bremen.de\/bestaende\/bibliothek-1577\" target=\"_blank\" rel=\"noopener\">https:\/\/www.staatsarchiv.bremen.de\/finden\/bibliothek-1577<\/a><strong><br \/>\n<\/strong><\/p>\n","protected":false},"excerpt":{"rendered":"<p>Adresse Staatsarchiv Bremen Am Staatsarchiv 1 28203 Bremen Tel: 0421 361-6228 Mail office@staatsarchiv.bremen.de \u00a0 Kurzbeschreibung Der Bestand unserer \u00f6ffentlich zug\u00e4nglichen Pr\u00e4senzbibliothek umfasst vor allem Ver\u00f6ffentlichungen zur bremischen und nordwestdeutschen Geschichte und Landeskunde, daneben u.a. auch Nachschlagewerke, allgemeine historische Literatur, Ortslexika, familienkundliche Werke und Fachzeitschriften. Wichtige Teilbest\u00e4nde sind die bremischen Tageszeitungen (ab 1796), eine umfangreiche Sammlung [&hellip;]<\/p>\n","protected":false},"author":1,"featured_media":0,"parent":5,"menu_order":0,"comment_status":"closed","ping_status":"open","template":"","meta":{"footnotes":""},"class_list":["post-150","page","type-page","status-publish","hentry"],"_links":{"self":[{"href":"http:\/\/www.dbv-bremen.de\/index.php?rest_route=\/wp\/v2\/pages\/150","targetHints":{"allow":["GET"]}}],"collection":[{"href":"http:\/\/www.dbv-bremen.de\/index.php?rest_route=\/wp\/v2\/pages"}],"about":[{"href":"http:\/\/www.dbv-bremen.de\/index.php?rest_route=\/wp\/v2\/types\/page"}],"author":[{"embeddable":true,"href":"http:\/\/www.dbv-bremen.de\/index.php?rest_route=\/wp\/v2\/users\/1"}],"replies":[{"embeddable":true,"href":"http:\/\/www.dbv-bremen.de\/index.php?rest_route=%2Fwp%2Fv2%2Fcomments&post=150"}],"version-history":[{"count":5,"href":"http:\/\/www.dbv-bremen.de\/index.php?rest_route=\/wp\/v2\/pages\/150\/revisions"}],"predecessor-version":[{"id":997,"href":"http:\/\/www.dbv-bremen.de\/index.php?rest_route=\/wp\/v2\/pages\/150\/revisions\/997"}],"up":[{"embeddable":true,"href":"http:\/\/www.dbv-bremen.de\/index.php?rest_route=\/wp\/v2\/pages\/5"}],"wp:attachment":[{"href":"http:\/\/www.dbv-bremen.de\/index.php?rest_route=%2Fwp%2Fv2%2Fmedia&parent=150"}],"curies":[{"name":"wp","href":"https:\/\/api.w.org\/{rel}","templated":true}]}}