{"id":157,"date":"2010-05-19T18:57:04","date_gmt":"2010-05-19T14:57:04","guid":{"rendered":"http:\/\/www.dbv-bremen.de\/?page_id=157"},"modified":"2010-05-19T18:57:04","modified_gmt":"2010-05-19T14:57:04","slug":"stadtbibliothek-bremerhaven","status":"publish","type":"page","link":"http:\/\/www.dbv-bremen.de\/?page_id=157","title":{"rendered":"Stadtbibliothek Bremerhaven"},"content":{"rendered":"<p><strong>Adresse<\/strong> <img loading=\"lazy\" decoding=\"async\" src=\"http:\/\/www.dbv-bremen.de\/wp-content\/uploads\/2010\/05\/11_bhv-300x177.jpg\" alt=\"\" title=\"Stadtbibliothek Bremerhaven\" width=\"300\" height=\"177\" class=\"alignright size-medium wp-image-156\" srcset=\"http:\/\/www.dbv-bremen.de\/wp-content\/uploads\/2010\/05\/11_bhv-300x177.jpg 300w, http:\/\/www.dbv-bremen.de\/wp-content\/uploads\/2010\/05\/11_bhv-1024x605.jpg 1024w\" sizes=\"auto, (max-width: 300px) 100vw, 300px\" \/><br \/>\nStadtbibliothek Bremerhaven<br \/>\nHanse-Carr\u00e9, 2. OG<br \/>\nB\u00fcrgermeister-Smidt-Stra\u00dfe 10<br \/>\n27568 Bremerhaven<\/p>\n<p><strong>Bibliothekarische Leitung<\/strong><br \/>\nElke Albrecht<\/p>\n<p><strong>Kurzbeschreibung<\/strong><br \/>\nDie Stadtbibliothek ist w\u00e4hrend der \u00d6ffnungszeiten f\u00fcr jeden B\u00fcrger frei zug\u00e4nglich nutzbar. Das Medienangebot umfasst neben Romanen und Sachb\u00fcchern, Musik-CDs, H\u00f6rb\u00fccher, DVDs, CD-ROMs f\u00fcr Kinder und Erwachsene au\u00dferdem Noten, Gesellschafts \u2013und Konsolenspiele sowie Tageszeitungen und Zeitschriften. Die Leihfristen f\u00fcr die Medien sind unterschiedlich.<br \/>\nF\u00fcr die Ausleihe von Medien ist ein Benutzungsausweis erforderlich, der f\u00fcr Erwachsene geb\u00fchrenpflichtig ist. Bei versp\u00e4tet abgegebenen Medien werden S\u00e4umnisgeb\u00fchren f\u00e4llig. Die Geb\u00fchren sind in der g\u00fcltigen Geb\u00fchrenordnung aufgef\u00fchrt.<br \/>\nIn der Zentralbibliothek stehen 5 Internetrechner und 2 Schreibstationen f\u00fcr die Nutzer der Bibliothek kostenlos bereit.<br \/>\nDie Mitarbeiter\/innen der Stadtbibliothek bieten Bibliothekseinf\u00fchrungen f\u00fcr Schulklassen und andere Gruppen an. (Anmeldungen sind erforderlich).<br \/>\nVeranstaltungen (Lesungen, Kindertheater Vortr\u00e4ge etc.) geh\u00f6ren zum Angebot der Bibliothek.<br \/>\n\u201eB\u00fccher auf R\u00e4dern\u201c ist eine Dienstleistung f\u00fcr hausgebundene B\u00fcrgerinnen und B\u00fcrger der Stadt Bremerhaven, die auf diese Weise mit Medien versorgt werden.<br \/>\nDie Stadtbibliothek Bremerhaven ist der Fernleihe angeschlossen.<\/p>\n<p><strong>Weitere Informationen unter:<\/strong><br \/>\n<a href=\"http:\/\/www.stadtbibliothek-bremerhaven.de\">www.stadtbibliothek-bremerhaven.de<\/a><\/p>\n<p><strong>Zugeh\u00f6rige Teilbibliotheken<\/strong><\/p>\n<p>Stadtteilbibliothek Leherheide<\/p>\n","protected":false},"excerpt":{"rendered":"<p>Adresse Stadtbibliothek Bremerhaven Hanse-Carr\u00e9, 2. OG B\u00fcrgermeister-Smidt-Stra\u00dfe 10 27568 Bremerhaven Bibliothekarische Leitung Elke Albrecht Kurzbeschreibung Die Stadtbibliothek ist w\u00e4hrend der \u00d6ffnungszeiten f\u00fcr jeden B\u00fcrger frei zug\u00e4nglich nutzbar. Das Medienangebot umfasst neben Romanen und Sachb\u00fcchern, Musik-CDs, H\u00f6rb\u00fccher, DVDs, CD-ROMs f\u00fcr Kinder und Erwachsene au\u00dferdem Noten, Gesellschafts \u2013und Konsolenspiele sowie Tageszeitungen und Zeitschriften. Die Leihfristen f\u00fcr die [&hellip;]<\/p>\n","protected":false},"author":1,"featured_media":0,"parent":5,"menu_order":0,"comment_status":"closed","ping_status":"open","template":"","meta":{"footnotes":""},"class_list":["post-157","page","type-page","status-publish","hentry"],"_links":{"self":[{"href":"http:\/\/www.dbv-bremen.de\/index.php?rest_route=\/wp\/v2\/pages\/157","targetHints":{"allow":["GET"]}}],"collection":[{"href":"http:\/\/www.dbv-bremen.de\/index.php?rest_route=\/wp\/v2\/pages"}],"about":[{"href":"http:\/\/www.dbv-bremen.de\/index.php?rest_route=\/wp\/v2\/types\/page"}],"author":[{"embeddable":true,"href":"http:\/\/www.dbv-bremen.de\/index.php?rest_route=\/wp\/v2\/users\/1"}],"replies":[{"embeddable":true,"href":"http:\/\/www.dbv-bremen.de\/index.php?rest_route=%2Fwp%2Fv2%2Fcomments&post=157"}],"version-history":[{"count":1,"href":"http:\/\/www.dbv-bremen.de\/index.php?rest_route=\/wp\/v2\/pages\/157\/revisions"}],"predecessor-version":[{"id":158,"href":"http:\/\/www.dbv-bremen.de\/index.php?rest_route=\/wp\/v2\/pages\/157\/revisions\/158"}],"up":[{"embeddable":true,"href":"http:\/\/www.dbv-bremen.de\/index.php?rest_route=\/wp\/v2\/pages\/5"}],"wp:attachment":[{"href":"http:\/\/www.dbv-bremen.de\/index.php?rest_route=%2Fwp%2Fv2%2Fmedia&parent=157"}],"curies":[{"name":"wp","href":"https:\/\/api.w.org\/{rel}","templated":true}]}}