{"id":183,"date":"2010-05-20T12:21:15","date_gmt":"2010-05-20T08:21:15","guid":{"rendered":"http:\/\/www.dbv-bremen.de\/?page_id=183"},"modified":"2025-02-07T14:36:36","modified_gmt":"2025-02-07T13:36:36","slug":"stadtbibliothek-bremen","status":"publish","type":"page","link":"http:\/\/www.dbv-bremen.de\/?page_id=183","title":{"rendered":"Stadtbibliothek Bremen"},"content":{"rendered":"<p><strong>Adresse<\/strong><img loading=\"lazy\" decoding=\"async\" class=\"alignright size-medium wp-image-184\" title=\"Stadtbibliothek Bremen Zentralbibliothek Am Wall\" src=\"http:\/\/www.dbv-bremen.de\/wp-content\/uploads\/2010\/05\/zb_bahn-225x300.jpg\" alt=\"Fotomontage Daniel Tepe\" width=\"225\" height=\"300\" srcset=\"http:\/\/www.dbv-bremen.de\/wp-content\/uploads\/2010\/05\/zb_bahn-225x300.jpg 225w, http:\/\/www.dbv-bremen.de\/wp-content\/uploads\/2010\/05\/zb_bahn.jpg 338w\" sizes=\"auto, (max-width: 225px) 100vw, 225px\" \/><br \/>\nStadtbibliothek Bremen<br \/>\nAm Wall 201<br \/>\n28195 Bremen<\/p>\n<p>Tel.: 0421 361 &#8211; 24465<br \/>\nEmail: <a href=\"mailto:%20kontakt@stabi-hb.de\">kontakt@stabi-hb.de<\/a><\/p>\n<p><strong>Bibliothekarische Leitung<\/strong><br \/>\nLucia Werder (Direktorin)<\/p>\n<p><strong>Kurzbeschreibung<\/strong><br \/>\nPro Jahr z\u00e4hlen wir fast 1,5 Millionen Besucher. Wir laden auch Sie herzlich ein, uns kennen zu lernen! Sie werden \u00fcberrascht sein, wie vielf\u00e4ltig unser Angebot ist. Egal, ob Sie B\u00fccher oder andere Unterhaltungsmedien ausleihen, sich allgemein informieren, gezielte Recherchen f\u00fcr Ihre Aus-, Fort- und Weiterbildung durchf\u00fchren oder unser Veranstaltungsangebot nutzen m\u00f6chten &#8211; die Stadtbibliothek Bremen ist immer die richtige Adresse. Besuchen Sie unsere Zentralbibliothek, eine unserer sechs Stadtteilbibliotheken oder eine der vielen Haltestellen unserer Busbibliothek.<\/p>\n<p>Ihre Interessen stehen f\u00fcr uns im Vordergrund. Unsere Teams vor Ort halten daher ein aktuelles Angebot an B\u00fcchern aller Wissensgebiete, Romanen, Kinderb\u00fcchern, in- und ausl\u00e4ndischer Presse, Fach- und Hobbyzeitschriften, Spielen, CDs und CD-ROM, Videos und DVDs sowie Brettspiele f\u00fcr Kinder und Erwachsene f\u00fcr Sie bereit.<\/p>\n<p>Wir unterst\u00fctzen Sie gern mit unserer professionellen Recherchehilfe, um aus unserem Gesamtangebot das f\u00fcr Sie Passende herauszusuchen. Sie k\u00f6nnen bei uns nicht nur B\u00fccher und andere Medien ausleihen oder vor Ort lesen und st\u00f6bern, sondern Sie k\u00f6nnen auch unsere Computer-Arbeitspl\u00e4tze mit Internet-Datenbanken, Spielen und Lernsoftware nutzen. Dar\u00fcber hinaus wird unser Angebot durch Ausstellungen, Lesungen und Kinder- und Erwachsenenveranstaltungen mit unterschiedlichen Schwerpunktthemen abgerundet.<\/p>\n<p>An insgesamt 280 Stunden w\u00f6chentlich sind wir f\u00fcr Sie da, um aktuelle Information und Unterhaltung f\u00fcr Sie leicht zug\u00e4nglich und erlebbar zu machen.<\/p>\n<p><strong>Weitere Informationen unter:<\/strong><br \/>\n<a href=\"https:\/\/stabi-hb.de\/\" target=\"_blank\" rel=\"noopener\">https:\/\/stabi-hb.de\/<\/a><\/p>\n<p><strong>Zugeh\u00f6rige Teilbibliotheken<\/strong><\/p>\n<p>Zentralbibliothek Am Wall<br \/>\nStadtbibliothek Huchting<br \/>\nStadtbibliothek Lesum<br \/>\nStadtbibliothek Osterholz<br \/>\nStadtbibliothek Vahr<br \/>\nStadtbibliothek Vegesack<br \/>\nStadtbibliothek West<br \/>\nBusbibliothek mit \u00fcber 20 Haltestellen<\/p>\n","protected":false},"excerpt":{"rendered":"<p>Adresse Stadtbibliothek Bremen Am Wall 201 28195 Bremen Tel.: 0421 361 &#8211; 24465 Email: kontakt@stabi-hb.de Bibliothekarische Leitung Lucia Werder (Direktorin) Kurzbeschreibung Pro Jahr z\u00e4hlen wir fast 1,5 Millionen Besucher. Wir laden auch Sie herzlich ein, uns kennen zu lernen! Sie werden \u00fcberrascht sein, wie vielf\u00e4ltig unser Angebot ist. Egal, ob Sie B\u00fccher oder andere Unterhaltungsmedien [&hellip;]<\/p>\n","protected":false},"author":1,"featured_media":0,"parent":5,"menu_order":0,"comment_status":"closed","ping_status":"open","template":"","meta":{"footnotes":""},"class_list":["post-183","page","type-page","status-publish","hentry"],"_links":{"self":[{"href":"http:\/\/www.dbv-bremen.de\/index.php?rest_route=\/wp\/v2\/pages\/183","targetHints":{"allow":["GET"]}}],"collection":[{"href":"http:\/\/www.dbv-bremen.de\/index.php?rest_route=\/wp\/v2\/pages"}],"about":[{"href":"http:\/\/www.dbv-bremen.de\/index.php?rest_route=\/wp\/v2\/types\/page"}],"author":[{"embeddable":true,"href":"http:\/\/www.dbv-bremen.de\/index.php?rest_route=\/wp\/v2\/users\/1"}],"replies":[{"embeddable":true,"href":"http:\/\/www.dbv-bremen.de\/index.php?rest_route=%2Fwp%2Fv2%2Fcomments&post=183"}],"version-history":[{"count":4,"href":"http:\/\/www.dbv-bremen.de\/index.php?rest_route=\/wp\/v2\/pages\/183\/revisions"}],"predecessor-version":[{"id":998,"href":"http:\/\/www.dbv-bremen.de\/index.php?rest_route=\/wp\/v2\/pages\/183\/revisions\/998"}],"up":[{"embeddable":true,"href":"http:\/\/www.dbv-bremen.de\/index.php?rest_route=\/wp\/v2\/pages\/5"}],"wp:attachment":[{"href":"http:\/\/www.dbv-bremen.de\/index.php?rest_route=%2Fwp%2Fv2%2Fmedia&parent=183"}],"curies":[{"name":"wp","href":"https:\/\/api.w.org\/{rel}","templated":true}]}}