{"id":244,"date":"2010-07-08T17:08:10","date_gmt":"2010-07-08T13:08:10","guid":{"rendered":"http:\/\/www.dbv-bremen.de\/?page_id=244"},"modified":"2025-02-07T14:29:21","modified_gmt":"2025-02-07T13:29:21","slug":"senator-fur-umwelt-bau-verkehr-und-europa-bibliothek","status":"publish","type":"page","link":"http:\/\/www.dbv-bremen.de\/?page_id=244","title":{"rendered":"Senatorin f\u00fcr Umwelt, Bau, Verkehr und Europa \u2013 Bibliothek"},"content":{"rendered":"<p><strong>Adresse<\/strong><\/p>\n<p>Senatorin f\u00fcr Umwelt, Bau, Verkehr und Europa<br \/>\nBibliothek<br \/>\nAnsgaritorstr. 02<br \/>\n28195\u00a0 Bremen<\/p>\n<p>Tel. +49 421 9602135<\/p>\n<p>Mail: <a class=\"moz-txt-link-abbreviated\" href=\"mailto:gisela.fuerle@bau.bremen.de\">gisela.fuerle@bau.bremen.de<\/a><\/p>\n<p><strong>Bibliothekarische Leitung<\/strong><br \/>\nGisela F\u00fcrle<\/p>\n<p><strong>Kurzbeschreibung<\/strong><\/p>\n<p>Pr\u00e4senzbibliothek. Beh\u00f6rdenbibliothek mit \u00f6ffentlichen Zugang.<br \/>\nSammelgebiete:\u00a0 Architektur, Stadtentwicklung, Raumordnung, Baurecht<\/p>\n<p><strong>Weitere Informationen unter:<\/strong><br \/>\n<a href=\"https:\/\/bau.bremen.de\/ressort\/service\/bibliothek-3657\" target=\"_blank\" rel=\"noopener\">Bibliothek &#8211; Die Senatorin f\u00fcr Bau, Mobilit\u00e4t und Stadtentwicklung (bremen.de)<\/a><\/p>\n","protected":false},"excerpt":{"rendered":"<p>Adresse Senatorin f\u00fcr Umwelt, Bau, Verkehr und Europa Bibliothek Ansgaritorstr. 02 28195\u00a0 Bremen Tel. +49 421 9602135 Mail: gisela.fuerle@bau.bremen.de Bibliothekarische Leitung Gisela F\u00fcrle Kurzbeschreibung Pr\u00e4senzbibliothek. Beh\u00f6rdenbibliothek mit \u00f6ffentlichen Zugang. Sammelgebiete:\u00a0 Architektur, Stadtentwicklung, Raumordnung, Baurecht Weitere Informationen unter: Bibliothek &#8211; Die Senatorin f\u00fcr Bau, Mobilit\u00e4t und Stadtentwicklung (bremen.de)<\/p>\n","protected":false},"author":1,"featured_media":0,"parent":5,"menu_order":0,"comment_status":"closed","ping_status":"closed","template":"","meta":{"footnotes":""},"class_list":["post-244","page","type-page","status-publish","hentry"],"_links":{"self":[{"href":"http:\/\/www.dbv-bremen.de\/index.php?rest_route=\/wp\/v2\/pages\/244","targetHints":{"allow":["GET"]}}],"collection":[{"href":"http:\/\/www.dbv-bremen.de\/index.php?rest_route=\/wp\/v2\/pages"}],"about":[{"href":"http:\/\/www.dbv-bremen.de\/index.php?rest_route=\/wp\/v2\/types\/page"}],"author":[{"embeddable":true,"href":"http:\/\/www.dbv-bremen.de\/index.php?rest_route=\/wp\/v2\/users\/1"}],"replies":[{"embeddable":true,"href":"http:\/\/www.dbv-bremen.de\/index.php?rest_route=%2Fwp%2Fv2%2Fcomments&post=244"}],"version-history":[{"count":5,"href":"http:\/\/www.dbv-bremen.de\/index.php?rest_route=\/wp\/v2\/pages\/244\/revisions"}],"predecessor-version":[{"id":993,"href":"http:\/\/www.dbv-bremen.de\/index.php?rest_route=\/wp\/v2\/pages\/244\/revisions\/993"}],"up":[{"embeddable":true,"href":"http:\/\/www.dbv-bremen.de\/index.php?rest_route=\/wp\/v2\/pages\/5"}],"wp:attachment":[{"href":"http:\/\/www.dbv-bremen.de\/index.php?rest_route=%2Fwp%2Fv2%2Fmedia&parent=244"}],"curies":[{"name":"wp","href":"https:\/\/api.w.org\/{rel}","templated":true}]}}