{"id":509,"date":"2016-09-12T12:04:31","date_gmt":"2016-09-12T08:04:31","guid":{"rendered":"http:\/\/www.dbv-bremen.de\/?page_id=509"},"modified":"2025-02-07T14:27:55","modified_gmt":"2025-02-07T13:27:55","slug":"media-unit-am-zmt","status":"publish","type":"page","link":"http:\/\/www.dbv-bremen.de\/?page_id=509","title":{"rendered":"MEDIA Unit am ZMT"},"content":{"rendered":"<p><strong>Adresse<br \/>\n<\/strong>MEDIA Unit (Management of Electronic Rescources, Data, Information and Open Access) am ZMT<br \/>\nLeibniz-Zentrum f\u00fcr Marine Tropen\u00f6kologie<br \/>\nFahrenheitstr. 6<br \/>\n28359 Bremen<\/p>\n<p>Telefon: 04 21 \/ 32800-116<br \/>\nE-Mail: <span id=\"cloakde8d9af3e64ad4b2bae762fda9c421e9\"><a href=\"mailto:library@leibniz-zmt.de\">library@leibniz-zmt.de<\/a><\/span><\/p>\n<p><strong>Bibliothekarische Leitung<\/strong><br \/>\nClara Bruns<\/p>\n<p><strong>Kurzbeschreibung<\/strong><br \/>\nDie MEDIA Unit am ZMT bietet den Mitarbeitern eine wissenschaftliche Spezialbibliothek mit Pr\u00e4senzbestand, steht aber auch Gastwissenschaftlern und Studenten zur Abdeckung des Recherche- und Informationsbedarfs zur Verf\u00fcgung. Schwerpunkte der Bibliothek sind die Fachgebiete \u00d6kologie, Marine \u00d6kosysteme, Fischereibiologie, K\u00fcstenmanagement, Biogeochemie und Sozialwissenschaften.<br \/>\nDer Bestand setzt sich aus zirka 9000 Monographien und 8.500 elektronischen Zeitschriftenb\u00e4nden und Datenbanken zusammen.<\/p>\n<p>Die Bibliothek des ZMT arbeitet eng mit anderen Bibliotheken zusammen. Sie ist Mitglied des Gemeinsamen Bibliotheksverbundes (GBV), sowie der International Association of Aquatic and Marine Science Libraries and Information Centers (IAMSLIC und EURASLIC).<\/p>\n<p>Das ZMT h\u00e4lt seine Wissenschaftlerinnen und Wissenschaftler dazu an, Forschungsergebnisse im Sinne des Open Access-Prinzips zu ver\u00f6ffentlichen und hat deshalb eine <a class=\"wf_file\" href=\"https:\/\/www.leibniz-zmt.de\/images\/content\/pdf\/MEDIA_Unit\/ZMT_Open_Acess_Policy_DEU.pdf\"><span class=\"wf_file_text\">Open Access Policy<\/span> <\/a>verabschiedet.<\/p>\n<p>Die MEDIA Unit unterst\u00fctzt und ber\u00e4t die Mitarbeiterinnen und Mitarbeiter des ZMT bei der Realisierung von Open Access-Aktivit\u00e4ten. Dar\u00fcber hinaus dient sie ihnen als Ansprechpartner in den Bereichen Forschungsinformationssystem und Berichtswesen.<\/p>\n<p><strong>Weitere Informationen unter:<br \/>\n<\/strong><a href=\"https:\/\/www.leibniz-zmt.de\/de\/forschung-infrastruktur\/media-unit.html\" target=\"_blank\" rel=\"noopener\">https:\/\/www.leibniz-zmt.de\/de\/forschung-infrastruktur\/media-unit.html<\/a><strong><br \/>\n<\/strong><\/p>\n","protected":false},"excerpt":{"rendered":"<p>Adresse MEDIA Unit (Management of Electronic Rescources, Data, Information and Open Access) am ZMT Leibniz-Zentrum f\u00fcr Marine Tropen\u00f6kologie Fahrenheitstr. 6 28359 Bremen Telefon: 04 21 \/ 32800-116 E-Mail: library@leibniz-zmt.de Bibliothekarische Leitung Clara Bruns Kurzbeschreibung Die MEDIA Unit am ZMT bietet den Mitarbeitern eine wissenschaftliche Spezialbibliothek mit Pr\u00e4senzbestand, steht aber auch Gastwissenschaftlern und Studenten zur Abdeckung [&hellip;]<\/p>\n","protected":false},"author":2,"featured_media":0,"parent":5,"menu_order":0,"comment_status":"closed","ping_status":"open","template":"","meta":{"footnotes":""},"class_list":["post-509","page","type-page","status-publish","hentry"],"_links":{"self":[{"href":"http:\/\/www.dbv-bremen.de\/index.php?rest_route=\/wp\/v2\/pages\/509","targetHints":{"allow":["GET"]}}],"collection":[{"href":"http:\/\/www.dbv-bremen.de\/index.php?rest_route=\/wp\/v2\/pages"}],"about":[{"href":"http:\/\/www.dbv-bremen.de\/index.php?rest_route=\/wp\/v2\/types\/page"}],"author":[{"embeddable":true,"href":"http:\/\/www.dbv-bremen.de\/index.php?rest_route=\/wp\/v2\/users\/2"}],"replies":[{"embeddable":true,"href":"http:\/\/www.dbv-bremen.de\/index.php?rest_route=%2Fwp%2Fv2%2Fcomments&post=509"}],"version-history":[{"count":4,"href":"http:\/\/www.dbv-bremen.de\/index.php?rest_route=\/wp\/v2\/pages\/509\/revisions"}],"predecessor-version":[{"id":992,"href":"http:\/\/www.dbv-bremen.de\/index.php?rest_route=\/wp\/v2\/pages\/509\/revisions\/992"}],"up":[{"embeddable":true,"href":"http:\/\/www.dbv-bremen.de\/index.php?rest_route=\/wp\/v2\/pages\/5"}],"wp:attachment":[{"href":"http:\/\/www.dbv-bremen.de\/index.php?rest_route=%2Fwp%2Fv2%2Fmedia&parent=509"}],"curies":[{"name":"wp","href":"https:\/\/api.w.org\/{rel}","templated":true}]}}