{"id":137,"date":"2010-05-19T18:37:38","date_gmt":"2010-05-19T14:37:38","guid":{"rendered":"http:\/\/www.dbv-bremen.de\/?page_id=137"},"modified":"2025-02-07T14:26:47","modified_gmt":"2025-02-07T13:26:47","slug":"landeskirchliche-bibliothek-bremen","status":"publish","type":"page","link":"https:\/\/www.dbv-bremen.de\/?page_id=137","title":{"rendered":"Landeskirchliche Bibliothek Bremen"},"content":{"rendered":"<p><strong>Adresse<\/strong> <img loading=\"lazy\" decoding=\"async\" class=\"alignright size-medium wp-image-138\" title=\"Landeskirchliche Bibliothek Bremen\" src=\"http:\/\/www.dbv-bremen.de\/wp-content\/uploads\/2010\/05\/05-300x200.jpg\" alt=\"\" width=\"300\" height=\"200\" srcset=\"https:\/\/www.dbv-bremen.de\/wp-content\/uploads\/2010\/05\/05-300x200.jpg 300w, https:\/\/www.dbv-bremen.de\/wp-content\/uploads\/2010\/05\/05-1024x682.jpg 1024w, https:\/\/www.dbv-bremen.de\/wp-content\/uploads\/2010\/05\/05.jpg 1536w\" sizes=\"auto, (max-width: 300px) 100vw, 300px\" \/><br \/>\nLandeskirchliche Bibliothek Bremen<br \/>\nHaus der Kirche<br \/>\nFranziuseck 2\/4<br \/>\n28199 Bremen<br \/>\nTelefon: 0421 \/ 5597 287<br \/>\nE-Mail: bibliothek@kirche-bremen.de<\/p>\n<p><strong>Bibliothekarische Leitung:<\/strong><br \/>\nKerstin W\u00f6lk<\/p>\n<p><strong>Kurzbeschreibung<\/strong><br \/>\nDie Landeskirchliche Bibliothek ist die wissenschaftlich-theologische Spezialbibliothek f\u00fcr die haupt- und ehrenamtlichen Mitarbeiterinnen und Mitarbeiter der Bremischen Evangelischen Kirche. Sie ist eine Ausleihbibliothek und stellt ihre Dienstleistungen uneingeschr\u00e4nkt auch der interessierten \u00d6ffentlichkeit zur Verf\u00fcgung. Die Benutzung ist kostenlos.<br \/>\nDer Bestand umfasst 50.000 B\u00e4nde und \u00fcber 200 Zeitschriftenabonnements aus den Sammelgebieten Evangelische Theologie und Kirche (ohne Religionsp\u00e4dagogik) sowie Kirchenrecht und -verwaltung. Neben wissenschaftlichen Werken wird auch popul\u00e4rwissenschaftliche Literatur erworben. Elektronische Zeitschriften und Datenbanken runden das Angebot ab.<br \/>\nDie Landeskirchliche Bibliothek geh\u00f6rt dem Gemeinsamen Bibliotheksverbund an und ist dem Kirchlichen Fernleihverkehr der Bibliotheken in evangelischer und katholischer Tr\u00e4gerschaft angeschlossen.<\/p>\n<p><strong>Weitere Informationen unter:<br \/>\n<\/strong><a href=\"https:\/\/www.kirche-bremen.de\/kirche-in-bremen\/landeskirche\/landeskirchliche-bibliothek\/\" target=\"_blank\" rel=\"noopener\">Landeskirchliche Bibliothek | Bremische Evangelische Kirche (kirche-bremen.de)<\/a><strong><br \/>\n<\/strong><\/p>\n","protected":false},"excerpt":{"rendered":"<p>Adresse Landeskirchliche Bibliothek Bremen Haus der Kirche Franziuseck 2\/4 28199 Bremen Telefon: 0421 \/ 5597 287 E-Mail: bibliothek@kirche-bremen.de Bibliothekarische Leitung: Kerstin W\u00f6lk Kurzbeschreibung Die Landeskirchliche Bibliothek ist die wissenschaftlich-theologische Spezialbibliothek f\u00fcr die haupt- und ehrenamtlichen Mitarbeiterinnen und Mitarbeiter der Bremischen Evangelischen Kirche. Sie ist eine Ausleihbibliothek und stellt ihre Dienstleistungen uneingeschr\u00e4nkt auch der interessierten \u00d6ffentlichkeit [&hellip;]<\/p>\n","protected":false},"author":1,"featured_media":0,"parent":5,"menu_order":0,"comment_status":"closed","ping_status":"closed","template":"","meta":{"footnotes":""},"class_list":["post-137","page","type-page","status-publish","hentry"],"_links":{"self":[{"href":"https:\/\/www.dbv-bremen.de\/index.php?rest_route=\/wp\/v2\/pages\/137","targetHints":{"allow":["GET"]}}],"collection":[{"href":"https:\/\/www.dbv-bremen.de\/index.php?rest_route=\/wp\/v2\/pages"}],"about":[{"href":"https:\/\/www.dbv-bremen.de\/index.php?rest_route=\/wp\/v2\/types\/page"}],"author":[{"embeddable":true,"href":"https:\/\/www.dbv-bremen.de\/index.php?rest_route=\/wp\/v2\/users\/1"}],"replies":[{"embeddable":true,"href":"https:\/\/www.dbv-bremen.de\/index.php?rest_route=%2Fwp%2Fv2%2Fcomments&post=137"}],"version-history":[{"count":8,"href":"https:\/\/www.dbv-bremen.de\/index.php?rest_route=\/wp\/v2\/pages\/137\/revisions"}],"predecessor-version":[{"id":991,"href":"https:\/\/www.dbv-bremen.de\/index.php?rest_route=\/wp\/v2\/pages\/137\/revisions\/991"}],"up":[{"embeddable":true,"href":"https:\/\/www.dbv-bremen.de\/index.php?rest_route=\/wp\/v2\/pages\/5"}],"wp:attachment":[{"href":"https:\/\/www.dbv-bremen.de\/index.php?rest_route=%2Fwp%2Fv2%2Fmedia&parent=137"}],"curies":[{"name":"wp","href":"https:\/\/api.w.org\/{rel}","templated":true}]}}